{"id":86,"date":"2019-11-13T10:26:59","date_gmt":"2019-11-13T10:26:59","guid":{"rendered":"http:\/\/sprachtherapie-nippes.koeln\/?page_id=86"},"modified":"2024-07-04T12:35:50","modified_gmt":"2024-07-04T12:35:50","slug":"impressum","status":"publish","type":"page","link":"https:\/\/sprachtherapie-nippes.koeln\/?page_id=86","title":{"rendered":"Impressum"},"content":{"rendered":"\r\n<p><strong>Anbieterinformationen<\/strong><\/p>\r\n<p><strong>Angaben gem\u00e4\u00df \u00a7 5 DDG<\/strong><\/p>\r\n<p>Praxis f\u00fcr Sprachtherapie<strong><br \/><\/strong>Franziska Stollenwerk<br \/>Viersener Str. 2<br \/>50733 K\u00f6ln<br \/>Tel.: 0221- 778 979 49<br \/>Fax: 0221- 976 33 74<br \/>E-Mail: info@sprachtherapie-nippes.koeln<\/p>\r\n<p>\r\n\r\n<\/p>\r\n<p>\r\n\r\n<\/p>\r\n\r\n\r\n\r\n<p><strong>Verantwortlich f\u00fcr den Inhalt nach \u00a7 55 Abs. 2 RStV:<\/strong><br \/>Franziska Stollenwerk<br \/>Viersener Str. 2<br \/>50733 K\u00f6ln<\/p>\r\n<p>\r\n\r\n<\/p>\r\n<p><strong>Berufsbezeichnung und berufsrechtliche Regelungen<\/strong><\/p>\r\n<p><span style=\"font-size: 14px; font-weight: 400;\"><strong>Berufsbezeichnung<\/strong><br \/><\/span><span style=\"font-size: 14px; font-weight: 400;\">Akademische Sprachtherapeutin<\/span><\/p>\r\n<p><strong>Angaben zur Berufshaftpflichtversicherung\u00a0<\/strong><br \/>Name und Sitz des Versicherers:\u00a0Continentale Sachversicherung AG, Ruhrallee 92, 44139 Dortmund\u00a0<\/p>\r\n<p>\r\n\r\n\r\n\r\n\r\n\r\n<\/p>\r\n<p><strong>Streitschlichtung<\/strong><br \/>Die Europ\u00e4ische Kommission stellt eine Plattform zur Online-Streitbeilegung (OS) bereit:\u00a0<a href=\"https:\/\/ec.europa.eu\/consumers\/odr\" target=\"_blank\" rel=\"noreferrer noopener\">https:\/\/ec.europa.eu\/consumers\/odr<\/a>.<br \/>Unsere E-Mail-Adresse finden Sie oben im Impressum. Wir sind nicht bereit oder verpflichtet, an Streitbeilegungsverfahren vor einer Verbraucherschlichtungsstelle teilzunehmen.<\/p>\r\n<p><strong>Design:<\/strong> Contextus Werbegestaltung<\/p>\r\n\r\n\r\n","protected":false},"excerpt":{"rendered":"<p>Anbieterinformationen Angaben gem\u00e4\u00df \u00a7 5 DDG Praxis f\u00fcr SprachtherapieFranziska StollenwerkViersener Str. 250733 K\u00f6lnTel.: 0221- 778 979 49Fax: 0221- 976 33 74E-Mail: info@sprachtherapie-nippes.koeln Verantwortlich f\u00fcr den Inhalt<span class=\"excerpt-hellip\"> [\u2026]<\/span><\/p>\n","protected":false},"author":1,"featured_media":0,"parent":0,"menu_order":0,"comment_status":"closed","ping_status":"closed","template":"","meta":{"footnotes":""},"class_list":["post-86","page","type-page","status-publish","hentry"],"_links":{"self":[{"href":"https:\/\/sprachtherapie-nippes.koeln\/index.php?rest_route=\/wp\/v2\/pages\/86","targetHints":{"allow":["GET"]}}],"collection":[{"href":"https:\/\/sprachtherapie-nippes.koeln\/index.php?rest_route=\/wp\/v2\/pages"}],"about":[{"href":"https:\/\/sprachtherapie-nippes.koeln\/index.php?rest_route=\/wp\/v2\/types\/page"}],"author":[{"embeddable":true,"href":"https:\/\/sprachtherapie-nippes.koeln\/index.php?rest_route=\/wp\/v2\/users\/1"}],"replies":[{"embeddable":true,"href":"https:\/\/sprachtherapie-nippes.koeln\/index.php?rest_route=%2Fwp%2Fv2%2Fcomments&post=86"}],"version-history":[{"count":0,"href":"https:\/\/sprachtherapie-nippes.koeln\/index.php?rest_route=\/wp\/v2\/pages\/86\/revisions"}],"wp:attachment":[{"href":"https:\/\/sprachtherapie-nippes.koeln\/index.php?rest_route=%2Fwp%2Fv2%2Fmedia&parent=86"}],"curies":[{"name":"wp","href":"https:\/\/api.w.org\/{rel}","templated":true}]}}