{"id":376,"date":"2022-08-04T19:35:40","date_gmt":"2022-08-04T19:35:40","guid":{"rendered":"https:\/\/sprachtherapie-nippes.koeln\/?page_id=376"},"modified":"2022-12-08T10:58:12","modified_gmt":"2022-12-08T10:58:12","slug":"ueber-mich","status":"publish","type":"page","link":"https:\/\/sprachtherapie-nippes.koeln\/?page_id=376","title":{"rendered":"\u00dcber mich"},"content":{"rendered":"<p><strong>\u00dcber mich<\/strong><\/p>\n<ul>\n<li>Akademische Sprachtherapeutin, Universit\u00e4t zu K\u00f6ln<\/li>\n<li>Lichtenberger\u00ae Stimmp\u00e4dagogin, Lichtenberger\u00ae Institut f\u00fcr angewandte Stimmphysiologie<\/li>\n<li>Mitglied im dbs Deutscher Bundesverband der akademischen Sprachtherapeuten e.V.<\/li>\n<\/ul>\n<p><strong>Fortbildungen<\/strong><\/p>\n<ul>\n<li>Der Erfahrbare Atem &#8211; Grundkurs, Angelika Scheinost-Kupka, \u00a0Ilse-Middendorf-Institut<\/li>\n<li>LSVT LOUD\u00ae\u00a0Trainings- und Zertifizierungskurs mit Abschluss LSVT LOUD\u00ae -Trainerin, Heather Hodges, Elizabeth Peterson, Thomas Brauer, Julia Hirschwald<\/li>\n<li>Fortbildung &amp; Studiengang Angewandte Stimmphysiologie mit Abschluss Lehrbef\u00e4higung nach der Lichtenberger\u00ae Methode, Lichtenberger\u00ae Institut f\u00fcr angewandte Stimmphysiologie<\/li>\n<li>Praxis der funktionalen Stimmtherapie, Wiltrud F\u00f6cking, Marco Parrino<\/li>\n<li>Feldenkrais-Spezial: K\u00f6rperdiaphragmen \u2013 Die Diaphragmenkette im Kontext von Aufrichtung, Atmung, Stimme und Emotion, Petra Simon<\/li>\n<li>Experimentierfeld Stimme, Constanze Albrecht<\/li>\n<li>Laryngeale Doppelphonationsfunktion und Funktionale Stimmtherapie, Prof. Dr. Eberhard Kruse<\/li>\n<li>F.O.T.T. \u2013 Befunderhebung und Behandlung von erworbenen oralen Ern\u00e4hrungsst\u00f6rungen in freier Praxis, Geriatrie und Neurologie, J\u00fcrgen Meyer-K\u00f6nigsb\u00fcscher<\/li>\n<li>Diagnose und Therapie von neurogenen Dysphagien, Ulrich Birkmann<\/li>\n<li>Konzepte f\u00fcr h\u00f6rgesch\u00e4digte Erwachsene \u2013 Workshop im Kompetenznetzwerk des Cochlear Implant Centrum der Kliniken K\u00f6ln, Andre Morsnowski<\/li>\n<li>Unterst\u00fctzte Kommunikation \u2013 Zertifikatskurs nach ISAAC-Standard, Dr. Melanie Willke<\/li>\n<\/ul>\n","protected":false},"excerpt":{"rendered":"<p>\u00dcber mich Akademische Sprachtherapeutin, Universit\u00e4t zu K\u00f6ln Lichtenberger\u00ae Stimmp\u00e4dagogin, Lichtenberger\u00ae Institut f\u00fcr angewandte Stimmphysiologie Mitglied im dbs Deutscher Bundesverband der akademischen Sprachtherapeuten e.V. Fortbildungen Der Erfahrbare<span class=\"excerpt-hellip\"> [\u2026]<\/span><\/p>\n","protected":false},"author":1,"featured_media":0,"parent":0,"menu_order":0,"comment_status":"closed","ping_status":"closed","template":"","meta":{"footnotes":""},"class_list":["post-376","page","type-page","status-publish","hentry"],"_links":{"self":[{"href":"https:\/\/sprachtherapie-nippes.koeln\/index.php?rest_route=\/wp\/v2\/pages\/376","targetHints":{"allow":["GET"]}}],"collection":[{"href":"https:\/\/sprachtherapie-nippes.koeln\/index.php?rest_route=\/wp\/v2\/pages"}],"about":[{"href":"https:\/\/sprachtherapie-nippes.koeln\/index.php?rest_route=\/wp\/v2\/types\/page"}],"author":[{"embeddable":true,"href":"https:\/\/sprachtherapie-nippes.koeln\/index.php?rest_route=\/wp\/v2\/users\/1"}],"replies":[{"embeddable":true,"href":"https:\/\/sprachtherapie-nippes.koeln\/index.php?rest_route=%2Fwp%2Fv2%2Fcomments&post=376"}],"version-history":[{"count":0,"href":"https:\/\/sprachtherapie-nippes.koeln\/index.php?rest_route=\/wp\/v2\/pages\/376\/revisions"}],"wp:attachment":[{"href":"https:\/\/sprachtherapie-nippes.koeln\/index.php?rest_route=%2Fwp%2Fv2%2Fmedia&parent=376"}],"curies":[{"name":"wp","href":"https:\/\/api.w.org\/{rel}","templated":true}]}}

Über mich

<p><strong>Über mich</strong></p>
<ul>
<li>Akademische Sprachtherapeutin, Universität zu Köln</li>
<li>Lichtenberger® Stimmpädagogin, Lichtenberger® Institut für angewandte Stimmphysiologie</li>
<li>Mitglied im dbs Deutscher Bundesverband der akademischen Sprachtherapeuten e.V.</li>
</ul>
<p><strong>Fortbildungen</strong></p>
<ul>
<li>Der Erfahrbare Atem &#8211; Grundkurs, Angelika Scheinost-Kupka,  Ilse-Middendorf-Institut</li>
<li>LSVT LOUD® Trainings- und Zertifizierungskurs mit Abschluss LSVT LOUD® -Trainerin, Heather Hodges, Elizabeth Peterson, Thomas Brauer, Julia Hirschwald</li>
<li>Fortbildung &amp; Studiengang Angewandte Stimmphysiologie mit Abschluss Lehrbefähigung nach der Lichtenberger® Methode, Lichtenberger® Institut für angewandte Stimmphysiologie</li>
<li>Praxis der funktionalen Stimmtherapie, Wiltrud Föcking, Marco Parrino</li>
<li>Feldenkrais-Spezial: Körperdiaphragmen – Die Diaphragmenkette im Kontext von Aufrichtung, Atmung, Stimme und Emotion, Petra Simon</li>
<li>Experimentierfeld Stimme, Constanze Albrecht</li>
<li>Laryngeale Doppelphonationsfunktion und Funktionale Stimmtherapie, Prof. Dr. Eberhard Kruse</li>
<li>F.O.T.T. – Befunderhebung und Behandlung von erworbenen oralen Ernährungsstörungen in freier Praxis, Geriatrie und Neurologie, Jürgen Meyer-Königsbüscher</li>
<li>Diagnose und Therapie von neurogenen Dysphagien, Ulrich Birkmann</li>
<li>Konzepte für hörgeschädigte Erwachsene – Workshop im Kompetenznetzwerk des Cochlear Implant Centrum der Kliniken Köln, Andre Morsnowski</li>
<li>Unterstützte Kommunikation – Zertifikatskurs nach ISAAC-Standard, Dr. Melanie Willke</li>
</ul>

<p>Über mich Akademische Sprachtherapeutin, Universität zu Köln Lichtenberger® Stimmpädagogin, Lichtenberger® Institut für angewandte Stimmphysiologie Mitglied im dbs Deutscher Bundesverband der akademischen Sprachtherapeuten e.V. Fortbildungen Der Erfahrbare<span class="excerpt-hellip"> […]</span></p>
